e 68 + (-3 + 4)*2. Let j = -2 - -16. Calculate the greatest common divisor of j and i.
14
Let i(j) = -12*j. Let v be i(-2). Let b be 1/(-2 + 1587/792). What is the greatest common factor of b and v?
24
Suppose 0 = z - 2*u - 56, z + 2*u + 200 = 5*z. Suppose 0 = -2*q - 2*h + 20, 4*q = -0*q + h + 20. What is the greatest common divisor of z and q?
6
Let c = -11 + 11. Suppose 3*v + c*o = o + 22, v - o = 6. What is the greatest common factor of v and 4?
4
Suppose 2*y = -5*t - 15, -t + 3*t = -6. Suppose 4*r - 43 = -y*f - f, -r + 22 = 4*f. Calculate the highest common divisor of r and 15.
5
Let i(p) = -17*p**3 - 1. Let y be 3/6 - (-3)/(-2). Let q be i(y). Calculate the greatest common factor of q and 128.
16
Let x be (-4)/16 - (-282)/8. What is the highest common divisor of x and 14?
7
Suppose -2*p - 7 + 5 = 0. Let y be 1 + (0 - (-12 - p)). Let f(r) = 3*r**3 + r**2. Let u be f(1). Calculate the greatest common factor of y and u.
4
Let b(p) = -2*p + 6. Let h be b(2). Let d = -2 + 6. Let y = d - -2. What is the highest common factor of h and y?
2
Let u = -3 + 7. Let r(c) = -4*c**2 + 2 + 2 + 5*c + u*c**2 - c**2. Let d be r(4). Calculate the highest common divisor of 40 and d.
8
Let y(z) = -z**3 - 2*z**2 + 2*z + 1. Let d be y(-3). Let n(t) = -2*t**3 - 18*t**2 + 21*t + 16. Let q be n(-10). What is the greatest common factor of q and d?
2
Suppose 0 = 5*y - 257 + 17. Calculate the highest common factor of y and 6.
6
Suppose -a - 3*a - 24 = -2*w, -32 = 5*a - 2*w. Let n = 13 + a. Let j be ((-2)/(-3))/(4/30). What is the highest common factor of n and j?
5
Let z(r) = r**3 - 12*r**2 + r - 7. Let h be z(12). Let w be h/2 - (-6)/(-12). Calculate the greatest common divisor of w and 8.
2
Let m(a) = -23*a**3 + a + 1. Let c be m(-1). Suppose 5*q = c + 17. Let v be 1/(0 + 1/1). What is the greatest common factor of q and v?
1
Let t be -2*(-2 - -3) + 9. Suppose -21 = -t*c + 4*c. Suppose -5*p = 5*f - 160, 134 = 5*f + 3*p - 32. What is the highest common divisor of c and f?
7
Let y(b) = b. Let f(x) = 1. Let u(i) = -3*f(i) + 3*y(i). Let w be u(6). Suppose l = -2*l + w. Calculate the highest common factor of 1 and l.
1
Suppose -p - 3*k + 32 = 0, -1 = -k + 3. What is the greatest common factor of p and 220?
20
Let k = 37 - -11. Suppose -4*x = -b + 20, 96 = 5*b - x + 15. Calculate the greatest common divisor of k and b.
16
Let o(u) = 12*u**2 + 3*u - 10. Let k be o(-5). What is the highest common factor of k and 25?
25
Suppose -54 = -j - 3*b + 2*b, -3*b = -4*j + 230. Calculate the highest common factor of j and 7.
7
Suppose -5*b + 3*b - o = -23, -4*b + 3*o + 51 = 0. Calculate the highest common factor of b and 12.
12
Let v be (-2615)/(-75) - (-2)/15. Let l be ((-30)/9)/((-2)/3). What is the highest common factor of l and v?
5
Let q = 6 + 6. Let y = -83 - -58. Let i = 61 + y. Calculate the highest common factor of i and q.
12
Let n = 93 + -7. What is the highest common factor of 129 and n?
43
Let x be 136/6 - (-2)/(-3). Calculate the highest common divisor of x and 176.
22
Suppose -5*r + 5*v + 95 = 0, 4*r + 4*v - 25 = 91. Let m(s) = s**2 - s + 12. Let f be m(0). What is the highest common factor of r and f?
12
Let c be 19 - (-1 + 2 - 0). Suppose -5 = 2*y - 3. Let a(h) = 5*h**2 + 1. Let v be a(y). Calculate the highest common factor of c and v.
6
Let d be (0 - 1 - -23)/1. Calculate the highest common divisor of 44 and d.
22
Let q(k) = 5*k - 5. Suppose 4*m - 3*x = 44, 5*x - 11 = 2*m - 3*m. Let y = -4 + m. Let s be q(y). Calculate the highest common factor of s and 6.
6
Suppose -2*z - d + 4*d + 94 = 0, 146 = 3*z - 2*d. Suppose 20 = 4*f + 4*q, 2*f - f - 2*q = 20. Let t = f + z. What is the greatest common factor of t and 24?
12
Let x(s) = -s**2 + 6*s - 6. Let w be x(4). Let t be -25*(-2 - (-9)/5). What is the highest common divisor of w and t?
1
Let m be 459/(-4) - 18/(-24). Let v be (m/3)/(-2) + 1. Calculate the highest common divisor of 5 and v.
5
Let o(d) = d**2 + 5*d + 13. Let j be o(-5). Calculate the greatest common factor of 39 and j.
13
Let j = 11 + 9. Suppose -2*i - 3*i - 16 = 2*k, -j = 5*i. Suppose -k*y = -2*r + 8, 9*r - 4*r = -3*y + 44. Calculate the highest common factor of 1 and r.
1
Let y(k) = k**2 - k - 2. Let g be y(3). Suppose 15 = 5*d, -g*i = 4*d - 8 - 64. Calculate the highest common factor of i and 105.
15
Let z be 4*3*1/2. Let t be 2 + 0/(-1) + z. Let j(l) = -l + 20. Let i be j(0). What is the highest common factor of t and i?
4
Suppose 4*l + 28 = -3*a + 5*a, 0 = 5*a - 5*l - 90. Calculate the greatest common divisor of a and 242.
22
Let y(q) = 57*q**3 - q**2 + 2*q - 3. Let f be y(1). What is the greatest common divisor of f and 22?
11
Let z = -8 + 17. Calculate the highest common divisor of z and 99.
9
Let f = -1 + 2. Let o = 6 - 7. Let u = 2 + o. What is the highest common factor of f and u?
1
Suppose 3*v = 58 + 26. Suppose 6*n - 42 = 3*n. What is the highest common factor of n and v?
14
Suppose -5*g + 19 = -6. Let m be g/(20/232) - 3. Calculate the highest common factor of m and 22.
11
Let d(p) = -2*p - 4. Let x be d(-9). Calculate the highest common factor of x and 98.
14
Let b be ((-4)/5)/((-9)/45). Suppose -v + 523 = b*v - 2*g, 2*v = -2*g + 212. Calculate the highest common divisor of v and 42.
21
Let q be ((-1 - -5) + -4)/(-2). Suppose 4*k = 3*b - 0*b - 50, q = -2*b + 2*k + 30. What is the greatest common factor of 15 and b?
5
Suppose -r = 2*r - 6. Suppose s + d = -4*s + 112, -d = -r. What is the greatest common factor of 2 and s?
2
Let t = 43 + -12. Let r be (6/9)/(1/3). Suppose t = 5*x - d, -r*d + 1 = -3*x + 2*x. Calculate the highest common factor of 56 and x.
7
Let k = 7 + 6. Let g(u) = u + 3. Let d be g(-5). Let r be (-193)/(-5) - d/5. Calculate the greatest common factor of k and r.
13
Suppose 5 + 15 = 5*f. Suppose -2*t - 6 = -78. Calculate the greatest common divisor of t and f.
4
Let h = -143 - -146. Calculate the highest common divisor of h and 3.
3
Suppose 0 = -7*w + 2*w + 330. What is the greatest common factor of w and 6?
6
Let y be 2 - 72/30 - 726/(-15). Calculate the highest common factor of 36 and y.
12
Let o(f) = f + 1. Let i be o(5). Suppose a - 10 + 0 = 2*d, 2*d = -3*a + i. Calculate the highest common factor of 2 and a.
2
Let x = -75 - -125. Let m be 0 - (3*-6 - 2). What is the greatest common factor of m and x?
10
Suppose -125*k = -122*k - 324. Calculate the greatest common factor of 9 and k.
9
Let q be (1 + 3)/2 + 4. Suppose -2*g - g - z = -159, 3*g - 144 = 4*z. Let i be (g/(-6))/(q/(-9)). Calculate the greatest common divisor of 65 and i.
13
Let p be (40/(-3))/(-1)*9. Suppose -4*d + 96 = -3*q, -5*d = 2*q + 7 - 127. What is the greatest common divisor of p and d?
24
Suppose 0*i = 2*i - 12. Suppose q + 160 = i*q. Calculate the greatest common factor of 48 and q.
16
Let f be 0/(-2) + 2 - 118. Let k be -1*3/4*f. Let j = k - 38. Calculate the greatest common factor of j and 7.
7
Suppose 0 = -d - 5*p - 11, -3*d + 5*p = d - 81. Calculate the greatest common divisor of 28 and d.
14
Let m(j) = j**3 + 6*j**2 - 2*j - 9. Suppose 5*f + 0*f + 30 = 0. Let b be m(f). Suppose a + 24 = 5*a. What is the highest common factor of b and a?
3
Suppose -x - 5*w = 14, 3*x - w + 9 = -5*w. Let v = 1 + x. Let s(k) = -k**3 - 4*k**2 - 5*k - 3. Let b be s(-3). Calculate the greatest common divisor of b and v.
1
Let k be (-9 - -7)/(1*-1). Suppose -6*s = -k*s - 20. Calculate the greatest common factor of 1 and s.
1
Let v(b) = 60*b - 3. Let y be v(2). Suppose -15 = -r + t, 0*t - 62 = -4*r + 5*t. Calculate the greatest common divisor of r and y.
13
Suppose -j = 5*v + 12, -3*j + 0*v = 3*v. Suppose -x + 7 + 0 = 4*l, x = l - j. Suppose 84 = l*d + 14. What is the highest common factor of 7 and d?
7
Let f(d) = 5*d**2 - d + 1. Let m be f(-6). Let z(l) = 17*l**2 + l + 1. Suppose -4*a = 4 - 0. Let q be z(a). Calculate the highest common factor of m and q.
17
Let l = -5 + 5. Suppose l = 5*j + 43 + 177. Let z = -22 - j. What is the highest common divisor of 2 and z?
2
Suppose -3*l + 17 = -t, 37 = 4*l + 5*t + 8. Let q = l + -6. Suppose q = 3*d - 51. Calculate the greatest common factor of 17 and d.
17
Let d(t) = t**2 + t - 1. Let i = -5 + 7. Let a be d(i). What is the highest common divisor of 40 and a?
5
Let o = -3 + 3. Suppose o*s - s = 5*w + 15, -5*s + 2*w = -33. Suppos